 factors of 189459?
3, 2339
List the prime factors of 1085228.
2, 53, 5119
List the prime factors of 914915.
5, 41, 4463
What are the prime factors of 13751807?
409, 33623
List the prime factors of 1053667.
137, 7691
List the prime factors of 314405.
5, 7, 13, 691
What are the prime factors of 1495911?
3, 101, 4937
List the prime factors of 1194689.
23, 127, 409
What are the prime factors of 13132737?
3, 29, 67, 751
What are the prime factors of 129430?
2, 5, 7, 43
List the prime factors of 500812.
2, 13, 9631
What are the prime factors of 27344896?
2, 1669
What are the prime factors of 11884613?
13, 137, 6673
List the prime factors of 1197167.
1197167
List the prime factors of 46607.
11, 19, 223
List the prime factors of 692380.
2, 5, 13, 2663
What are the prime factors of 1097505?
3, 5, 29
List the prime factors of 176583.
3, 11, 5351
List the prime factors of 290625.
3, 5, 31
What are the prime factors of 1480488?
2, 3, 61687
What are the prime factors of 3344819?
3344819
What are the prime factors of 281320?
2, 5, 13, 541
What are the prime factors of 2884792?
2, 211, 1709
List the prime factors of 3877645.
5, 457, 1697
List the prime factors of 287635.
5, 57527
What are the prime factors of 1612788?
2, 3, 134399
What are the prime factors of 23287546?
2, 23, 506251
What are the prime factors of 107339?
107339
List the prime factors of 1759353.
3, 67, 8753
List the prime factors of 386112.
2, 3, 2011
What are the prime factors of 63694?
2, 31847
List the prime factors of 12512539.
13, 962503
What are the prime factors of 3151269?
3, 11, 139, 229
What are the prime factors of 2893444?
2, 723361
List the prime factors of 1242313.
43, 167, 173
List the prime factors of 969967.
211, 4597
What are the prime factors of 6875618?
2, 41, 191, 439
What are the prime factors of 11883173?
157, 75689
List the prime factors of 10118155.
5, 199, 10169
List the prime factors of 5576077.
13, 53, 8093
What are the prime factors of 688805?
5, 13, 10597
List the prime factors of 1646607.
3, 548869
List the prime factors of 4929433.
4929433
What are the prime factors of 29358?
2, 3, 7, 233
What are the prime factors of 1904954?
2, 113, 8429
List the prime factors of 5447283.
3, 43, 42227
What are the prime factors of 545301?
3, 60589
What are the prime factors of 994934?
2, 23, 43, 503
List the prime factors of 178509.
3, 157, 379
List the prime factors of 346561.
346561
List the prime factors of 134846.
2, 191, 353
List the prime factors of 1363590.
2, 3, 5, 109, 139
What are the prime factors of 1901785?
5, 41, 9277
List the prime factors of 189504.
2, 3, 7, 47
What are the prime factors of 8169?
3, 7, 389
List the prime factors of 49127.
13, 3779
List the prime factors of 4384187.
4384187
List the prime factors of 490717.
557, 881
List the prime factors of 1921761.
3, 67, 3187
What are the prime factors of 2656138?
2, 79, 16811
List the prime factors of 2080926.
2, 3, 193, 599
List the prime factors of 284504.
2, 11, 53, 61
What are the prime factors of 6704058?
2, 3, 97, 11519
What are the prime factors of 13332655?
5, 7, 54419
List the prime factors of 648042.
2, 3, 108007
List the prime factors of 14452771.
17, 67, 12689
What are the prime factors of 932320?
2, 5, 5827
List the prime factors of 1302779.
59, 71, 311
What are the prime factors of 5653929?
3, 23, 67, 1223
What are the prime factors of 28419091?
28419091
What are the prime factors of 15976454?
2, 13, 19, 32341
What are the prime factors of 572113?
67, 8539
List the prime factors of 1857232.
2, 13, 8929
List the prime factors of 351932.
2, 7, 12569
What are the prime factors of 135251?
211, 641
What are the prime factors of 446746?
2, 139, 1607
List the prime factors of 105870.
2, 3, 5, 3529
What are the prime factors of 567254?
2, 181, 1567
List the prime factors of 5834172.
2, 3, 486181
What are the prime factors of 14448918?
2, 3, 11, 218923
List the prime factors of 70561.
41, 1721
What are the prime factors of 133651?
7, 61, 313
What are the prime factors of 167047?
167047
List the prime factors of 1828219.
593, 3083
List the prime factors of 516623.
516623
List the prime factors of 272336.
2, 17021
What are the prime factors of 301814?
2, 150907
What are the prime factors of 1935541?
1935541
What are the prime factors of 13763729?
7, 23, 53, 1613
List the prime factors of 307905.
3, 5, 13, 1579
List the prime factors of 1320463.
163, 8101
What are the prime factors of 971853?
3, 323951
List the prime factors of 365344.
2, 7, 233
List the prime factors of 203955.
3, 5, 13597
What are the prime factors of 10576664?
2, 7, 188869
List the prime factors of 302206.
2, 53, 2851
List the prime factors of 4295649.
3, 223, 6421
What are the prime factors of 3483169?
1493, 2333
What are the prime factors of 632424?
2, 3, 13, 2027
List the prime factors of 15414218.
2, 383, 20123
What are the prime factors of 99797?
23, 4339
What are the prime factors of 493072?
2, 30817
List the prime factors of 13949765.
5, 223, 12511
What are the prime factors of 1588366?
2, 13, 61091
What are the prime factors of 355366?
2, 11, 29, 557
List the prime factors of 815615.
5, 157, 1039
What are the prime factors of 3284840?
2, 5, 13, 6317
What are the prime factors of 323503?
101, 3203
List the prime factors of 334398.
2, 3, 55733
What are the prime factors of 273735?
3, 5, 7, 11, 79
What are the prime factors of 98140?
2, 5, 7, 701
List the prime factors of 10002620.
2, 5, 647, 773
List the prime factors of 289467.
3, 71, 151
What are the prime factors of 12124933?
23, 317, 1663
List the prime factors of 1694879.
1694879
What are the prime factors of 634426?
2, 13, 1877
What are the prime factors of 745033?
745033
List the prime factors of 3841849.
11, 79, 4421
List the prime factors of 265866.
2, 3, 73, 607
What are the prime factors of 303869?
277, 1097
List the prime factors of 54145.
5, 7, 13, 17
List the prime factors of 24001557.
3, 8000519
List the prime factors of 14934449.
17, 29, 30293
List the prime factors of 200459.
7, 4091
List the prime factors of 2954514.
2, 3, 47, 10477
List the prime factors of 615797.
7, 13, 67, 101
What are the prime factors of 728946?
2, 3, 13499
List the prime factors of 178022.
2, 13, 41, 167
What are the prime factors of 1141415?
5, 11, 20753
List the prime factors of 370215.
3, 5, 19, 433
List the prime factors of 1612403.
13, 31, 4001
What are the prime factors of 5621364?
2, 3, 7, 22307
List the prime factors of 162560.
2, 5, 127
List the prime factors of 234050.
2, 5, 31, 151
List the prime factors of 792776.
2, 41, 2417
List the prime factors of 1080898.
2, 7, 13, 5939
What are the prime factors of 248276?
2, 7, 8867
What are the prime factors of 360126?
2, 3, 13, 19
What are the prime factors of 342087?
3, 101, 1129
List the prime factors of 134769.
3, 167, 269
List the prime factors of 248779.
248779
What are the prime factors of 1878303?
3, 7, 89443
List the prime factors of 384794.
2, 421, 457
List the prime factors of 604009.
7, 86287
What are the prime factors of 34797524?
2, 8699381
List the prime factors of 730566.
2, 3, 83, 163
List the prime factors of 21266496.
2, 3, 31, 397
What are the prime factors of 20899184?
2, 467, 2797
What are the prime factors of 1856983?
1856983
List the prime factors of 832504.
2, 19, 5477
List the prime factors of 683088.
2, 3, 7, 19, 107
What are the prime factors of 797198?
2, 17, 23447
What are the prime factors of 8707381?
1163, 7487
List the prime factors of 157125.
3, 5, 419
What are the prime factors of 5454353?
41, 133033
List the prime factors of 399675.
3, 5, 73
List the prime factors of 5283581.
127, 41603
What are the prime factors of 6788319?
3, 809, 2797
List the prime factors of 1161084.
2, 3, 96757
List the prime factors of 386341.
211, 1831
What are the prime factors of 2702229?
3, 900743
What are the prime factors of 93366?
2, 3, 7, 13, 19
What are the prime factors of 8012568?
2, 3, 333857
What are the prime factors of 2895368?
2, 7, 149, 347
List the prime factors of 609981.
3, 127, 1601
What are the prime factors of 11042278?
2, 13, 239, 1777
What are the prime factors of 12403070?
2, 5, 1240307
What are the prime factors of 1047982?
2, 13, 17, 2371
List the prime factors of 256834.
2, 281, 457
List the